{"id":73,"date":"2023-08-15T12:14:59","date_gmt":"2023-08-15T10:14:59","guid":{"rendered":"https:\/\/aclocabarnevillelocation.com\/?page_id=73"},"modified":"2023-08-15T12:41:43","modified_gmt":"2023-08-15T10:41:43","slug":"modalites-de-reservation","status":"publish","type":"page","link":"https:\/\/aclocabarnevillelocation.com\/index.php\/modalites-de-reservation\/","title":{"rendered":"Modalit\u00e9s de r\u00e9servation"},"content":{"rendered":"\n<p>Pour une demande compl\u00e8te, avec les informations demand\u00e9es ci-dessus, effectu\u00e9e plus d&rsquo;un mois avant la date du s\u00e9jour :<\/p>\n\n\n\n<p><strong>1. Envoi de contrat personnalis\u00e9 par e-mail. (propri\u00e9taire au locataire)<\/strong><\/p>\n\n\n\n<p><strong>2. Demande de r\u00e9servation par retour par courrier postal (acompte 50%) (locataire au propri\u00e9taire)<\/strong><\/p>\n\n\n\n<p><strong>3. Confirmation de r\u00e9servation par courrier postal (propri\u00e9taire au locataire)<\/strong><\/p>\n\n\n\n<p><strong>4. Solde, attestation d&rsquo;assurance vill\u00e9giature, et d\u00e9p\u00f4t de garantie par courrier postal (locataire au propri\u00e9taire).<\/strong><\/p>\n\n\n\n<hr class=\"wp-block-separator has-alpha-channel-opacity\"\/>\n\n\n\n<p><strong>LE DEPOT DE GARANTIE (990\u20ac)&nbsp;<\/strong>est \u00e0 effectuer avec le solde, un mois avant l\u2019entr\u00e9e en location. Si le d\u00e9p\u00f4t de garantie est effectu\u00e9 par ch\u00e8que, celui-ci n\u2019est pas encaiss\u00e9, sauf si l\u2019\u00e9tat des lieux de sortie l\u2019exige.<\/p>\n\n\n\n<p>Les charges courantes comprises couvrent les consommations habituelles (hors chauffage) d\u2019une famille ou d\u2019un groupe. Il vous faut n\u00e9anmoins pr\u00e9voir la possibilit\u00e9 d\u2019un suppl\u00e9ment en cas de consommations suppl\u00e9mentaires ou pour le chauffage (\u00e9lectricit\u00e9 et\/ou bois) suivant les saisons et suivant les habitudes de chacun.<\/p>\n\n\n\n<p>Nous avons d\u00e9taill\u00e9 l&rsquo;annonce pour que les locataires puissent avoir un grand nombre d\u2019informations sur la propri\u00e9t\u00e9 lou\u00e9e, la r\u00e9gion du Cotentin, les conditions g\u00e9n\u00e9rales de location, les modalit\u00e9s de r\u00e9servation. Merci d\u2019en prendre connaissance. Si nos conditions ne vous conviennent pas, il est inutile de vous faire perdre votre temps et le notre en nous faisant une demande de r\u00e9servation. Bien s\u00fbr nous restons ouverts \u00e0 toute demande d\u2019explication ou \u00e0 toute demande sp\u00e9cifique.<\/p>\n\n\n\n<p><strong>Le m\u00e9nage de fin de s\u00e9jour (+120\u20ac) est une option et non une obligation.<\/strong><\/p>\n\n\n\n<p>Il n&rsquo;est pas possible de louer des semaines incompl\u00e8tes \u00e0 un tarif au prorata du nombre de jours. Toute semaine commenc\u00e9e est due. Aucune remise en fonction du nombre de personnes.<\/p>\n\n\n\n<p><strong><u>L&rsquo;option m\u00e9nage de fin de s\u00e9jour :<\/u><\/strong>&nbsp;Soit vous ne la prenez pas alors vous devez rendre la maison exactement en l\u2019\u00e9tat (m\u00e9nage et rangement) o\u00f9 vous l\u2019avez trouv\u00e9e en entr\u00e9e. Soit vous la prenez alors vous n\u2019avez pas \u00e0 faire le m\u00e9nage \u00e0 la fin de votre s\u00e9jour. Ce qui n\u2019exclut pas de jouir de la location en \u00ab bon p\u00e8re de famille \u00bb. Quel est l\u2019esprit de l\u2019option m\u00e9nage ? C\u2019est de permettre au locataire de ne pas faire le m\u00e9nage le dernier jour, de ne pas faire le d\u00e9poussi\u00e9rage des lieux avant de quitter la location.. L\u2019option m\u00e9nage ne correspond ni au m\u00e9nage complet d\u2019une maison qui n\u2019aurait pas \u00e9t\u00e9 nettoy\u00e9e pendant tout le s\u00e9jour ni au rangement de la maison.<\/p>\n\n\n\n<hr class=\"wp-block-separator has-alpha-channel-opacity\"\/>\n\n\n\n<figure class=\"wp-block-image size-full is-resized\"><img decoding=\"async\" src=\"http:\/\/aclocabarnevillelocation.com\/wp-content\/uploads\/2023\/08\/drapeau-anglais.jpg\" alt=\"\" class=\"wp-image-66\" style=\"width:100px\" width=\"100\"\/><\/figure>\n\n\n\n<p class=\"has-text-align-center has-larger-font-size\"><strong>TERMS OF BOOKING<\/strong><\/p>\n\n\n\n<p>For a complete application, with the information requested above, made more than one month before the date of stay:<\/p>\n\n\n\n<ol class=\"wp-block-list\">\n<li><strong>&nbsp;Sending personalized contract by e-mail. (owner to the tenant)<\/strong><\/li>\n\n\n\n<li><strong>&nbsp;Reservation request by return by post (50% deposit) (renter to the owner)<\/strong><\/li>\n\n\n\n<li><strong>Confirmation of reservation by mail (owner to renter)<\/strong><\/li>\n\n\n\n<li><strong>Balance, certificate of holiday insurance, and security deposit by mail (renter to the owner).<\/strong><\/li>\n<\/ol>\n\n\n\n<hr class=\"wp-block-separator has-alpha-channel-opacity\"\/>\n\n\n\n<p><strong>THE DEPOSIT OF GUARANTEE (990 \u20ac)<\/strong>&nbsp;is to be carried out with the balance, one month before the entry in hiring. If the deposit is made by check, it is not cashed, unless the inventory of places of exit requires.<\/p>\n\n\n\n<p>The current expenses included cover the usual consumption (excluding heating) of a family or a group. You must nevertheless provide the possibility of a supplement in case of additional consumption or for heating (electricity and \/ or wood) according to the seasons and according to the habits of each.<\/p>\n\n\n\n<p>We have detailed the announcement so that tenants can have a large amount of information on the rented property, the Cotentin region, the general conditions of rental, the terms of reservation. Thank you for taking note. If our conditions do not suit you, it is useless to waste your time and ours by making a reservation request. Of course we remain open to any request for explanation or any specific request.<\/p>\n\n\n\n<p><strong>End of stay cleaning (+ 120 \u20ac) is an option and not an obligation.<\/strong><\/p>\n\n\n\n<p>It is not possible to rent incomplete weeks at a rate prorated to the number of days. Every week started is due. No discount depending on the number of people.<\/p>\n\n\n\n<p class=\"has-small-font-size\"><strong><u>The end-of-stay cleaning option<\/u><\/strong>: Either you do not take it then you have to return the house exactly in the state (cleaning and storage) where you found it as input. Either you take it then you do not have to clean the end of your stay. This does not exclude to enjoy the rental in \u00ab\u00a0good father\u00a0\u00bb. What is the spirit of the household option? It is to allow the tenant not to clean the last day, not to dust the premises before leaving the rental .. The cleaning option does not correspond to the complete cleaning of a house that would not not cleaned during the entire stay or storage of the house.<\/p>\n","protected":false},"excerpt":{"rendered":"<p>Pour une demande compl\u00e8te, avec les informations demand\u00e9es ci-dessus, effectu\u00e9e plus d&rsquo;un mois avant la date du s\u00e9jour : 1. Envoi de contrat personnalis\u00e9 par e-mail. (propri\u00e9taire au locataire) 2. Demande de r\u00e9servation par retour par courrier postal (acompte 50%) (locataire au propri\u00e9taire) 3. Confirmation de r\u00e9servation par courrier postal (propri\u00e9taire au locataire) 4. Solde, [&hellip;]<\/p>\n","protected":false},"author":1,"featured_media":0,"parent":0,"menu_order":2,"comment_status":"closed","ping_status":"closed","template":"","meta":{"footnotes":""},"class_list":["post-73","page","type-page","status-publish","hentry"],"_links":{"self":[{"href":"https:\/\/aclocabarnevillelocation.com\/index.php\/wp-json\/wp\/v2\/pages\/73","targetHints":{"allow":["GET"]}}],"collection":[{"href":"https:\/\/aclocabarnevillelocation.com\/index.php\/wp-json\/wp\/v2\/pages"}],"about":[{"href":"https:\/\/aclocabarnevillelocation.com\/index.php\/wp-json\/wp\/v2\/types\/page"}],"author":[{"embeddable":true,"href":"https:\/\/aclocabarnevillelocation.com\/index.php\/wp-json\/wp\/v2\/users\/1"}],"replies":[{"embeddable":true,"href":"https:\/\/aclocabarnevillelocation.com\/index.php\/wp-json\/wp\/v2\/comments?post=73"}],"version-history":[{"count":2,"href":"https:\/\/aclocabarnevillelocation.com\/index.php\/wp-json\/wp\/v2\/pages\/73\/revisions"}],"predecessor-version":[{"id":75,"href":"https:\/\/aclocabarnevillelocation.com\/index.php\/wp-json\/wp\/v2\/pages\/73\/revisions\/75"}],"wp:attachment":[{"href":"https:\/\/aclocabarnevillelocation.com\/index.php\/wp-json\/wp\/v2\/media?parent=73"}],"curies":[{"name":"wp","href":"https:\/\/api.w.org\/{rel}","templated":true}]}}