{"id":64,"date":"2023-08-15T11:09:47","date_gmt":"2023-08-15T09:09:47","guid":{"rendered":"https:\/\/aclocabarnevillelocation.com\/?page_id=64"},"modified":"2023-08-15T12:41:32","modified_gmt":"2023-08-15T10:41:32","slug":"presentation-de-la-location","status":"publish","type":"page","link":"https:\/\/aclocabarnevillelocation.com\/index.php\/presentation-de-la-location\/","title":{"rendered":"Pr\u00e9sentation de la location"},"content":{"rendered":"\n<figure class=\"wp-block-image size-full\"><img loading=\"lazy\" decoding=\"async\" width=\"1024\" height=\"768\" src=\"http:\/\/aclocabarnevillelocation.com\/wp-content\/uploads\/2023\/08\/51db1aaae8afd780b219b6ad31e14347.jpg\" alt=\"\" class=\"wp-image-20\" srcset=\"https:\/\/aclocabarnevillelocation.com\/wp-content\/uploads\/2023\/08\/51db1aaae8afd780b219b6ad31e14347.jpg 1024w, https:\/\/aclocabarnevillelocation.com\/wp-content\/uploads\/2023\/08\/51db1aaae8afd780b219b6ad31e14347-300x225.jpg 300w, https:\/\/aclocabarnevillelocation.com\/wp-content\/uploads\/2023\/08\/51db1aaae8afd780b219b6ad31e14347-768x576.jpg 768w\" sizes=\"auto, (max-width: 1024px) 100vw, 1024px\" \/><\/figure>\n\n\n\n<p class=\"has-large-font-size\">Dans une station baln\u00e9aire class\u00e9e, \u00e0 5 min \u00e0 pied de la plage, propri\u00e9t\u00e9 (9 pers.) de grand confort avec grand jardin et nombreux services. L\u2019esprit de la maison : un lieu SANS SOUCIS, o\u00f9 l\u2019on vient, sans se pr\u00e9occuper de savoir s\u2019il y aura nos ustensiles de cuisine pr\u00e9f\u00e9r\u00e9s, s\u2019il faudra s\u2019occuper des lits, si les b\u00e9b\u00e9s, les enfants, les parents, les grands parents, les sportifs, les animaux, auront ce qu\u2019il leur faut.<\/p>\n\n\n\n<p class=\"has-large-font-size\"><strong>Notre but : que votre s\u00e9jour soit facilit\u00e9.<\/strong><\/p>\n\n\n\n<p class=\"has-large-font-size\">De tr\u00e8s nombreux \u00e9quipements \u00e9tant pr\u00e9sents, vous avez le moins possible \u00e0 emporter avec vous. C\u2019est une maison DE SERVICES. 12 services sont inclus dans la location. Quelques exemples: Terrain de p\u00e9tanque, badminton, 10 v\u00e9los, si\u00e8ges v\u00e9los b\u00e9b\u00e9, poussette canne, service p\u00eache<\/p>\n\n\n\n<p><\/p>\n\n\n\n<figure class=\"wp-block-image size-full is-resized\"><img loading=\"lazy\" decoding=\"async\" src=\"https:\/\/aclocabarnevillelocation.com\/wp-content\/uploads\/2023\/08\/drapeau-anglais.jpg\" alt=\"\" class=\"wp-image-66\" style=\"width:81px;height:54px\" width=\"81\" height=\"54\"\/><\/figure>\n\n\n\n<p class=\"has-large-font-size\">In a classified seaside resort, 5 minutes walk from the beach, property (9 people) of great comfort with large garden and many services. The spirit of the house: a place WITHOUT WORRY, where we come from, without worrying about whether there will be our favorite kitchen utensils, whether to take care of the beds, whether babies, children parents, grandparents, athletes, animals, will have what they need.<\/p>\n\n\n\n<p class=\"has-large-font-size\"><strong>Our goal: make your stay easier.<\/strong><\/p>\n\n\n\n<p class=\"has-large-font-size\">A lot of equipment being present, you have the least possible to take with you. It is a SERVICE HOUSE. 12 services are included in the rental. Some examples: P\u00e9tanque field, badminton, 10 bikes, baby bicycle seats, stroller cane, fishing service<\/p>\n","protected":false},"excerpt":{"rendered":"<p>Dans une station baln\u00e9aire class\u00e9e, \u00e0 5 min \u00e0 pied de la plage, propri\u00e9t\u00e9 (9 pers.) de grand confort avec grand jardin et nombreux services. L\u2019esprit de la maison : un lieu SANS SOUCIS, o\u00f9 l\u2019on vient, sans se pr\u00e9occuper de savoir s\u2019il y aura nos ustensiles de cuisine pr\u00e9f\u00e9r\u00e9s, s\u2019il faudra s\u2019occuper des lits, [&hellip;]<\/p>\n","protected":false},"author":1,"featured_media":0,"parent":0,"menu_order":1,"comment_status":"closed","ping_status":"closed","template":"templates\/template-full-width.php","meta":{"footnotes":""},"class_list":["post-64","page","type-page","status-publish","hentry"],"_links":{"self":[{"href":"https:\/\/aclocabarnevillelocation.com\/index.php\/wp-json\/wp\/v2\/pages\/64","targetHints":{"allow":["GET"]}}],"collection":[{"href":"https:\/\/aclocabarnevillelocation.com\/index.php\/wp-json\/wp\/v2\/pages"}],"about":[{"href":"https:\/\/aclocabarnevillelocation.com\/index.php\/wp-json\/wp\/v2\/types\/page"}],"author":[{"embeddable":true,"href":"https:\/\/aclocabarnevillelocation.com\/index.php\/wp-json\/wp\/v2\/users\/1"}],"replies":[{"embeddable":true,"href":"https:\/\/aclocabarnevillelocation.com\/index.php\/wp-json\/wp\/v2\/comments?post=64"}],"version-history":[{"count":3,"href":"https:\/\/aclocabarnevillelocation.com\/index.php\/wp-json\/wp\/v2\/pages\/64\/revisions"}],"predecessor-version":[{"id":69,"href":"https:\/\/aclocabarnevillelocation.com\/index.php\/wp-json\/wp\/v2\/pages\/64\/revisions\/69"}],"wp:attachment":[{"href":"https:\/\/aclocabarnevillelocation.com\/index.php\/wp-json\/wp\/v2\/media?parent=64"}],"curies":[{"name":"wp","href":"https:\/\/api.w.org\/{rel}","templated":true}]}}