{"id":19,"date":"2023-08-15T00:50:50","date_gmt":"2023-08-14T22:50:50","guid":{"rendered":"https:\/\/aclocabarnevillelocation.com\/?page_id=19"},"modified":"2023-08-15T17:06:27","modified_gmt":"2023-08-15T15:06:27","slug":"ac-loca","status":"publish","type":"page","link":"https:\/\/aclocabarnevillelocation.com\/","title":{"rendered":"A&#038;C LOCA"},"content":{"rendered":"\n<figure class=\"wp-block-image\"><img loading=\"lazy\" decoding=\"async\" width=\"1024\" height=\"768\" src=\"https:\/\/aclocabarnevillelocation.com\/wp-content\/uploads\/2023\/08\/877829a1211789da0b6242d1db260479-1.jpg\" alt=\"\" class=\"wp-image-9\" srcset=\"https:\/\/aclocabarnevillelocation.com\/wp-content\/uploads\/2023\/08\/877829a1211789da0b6242d1db260479-1.jpg 1024w, https:\/\/aclocabarnevillelocation.com\/wp-content\/uploads\/2023\/08\/877829a1211789da0b6242d1db260479-1-300x225.jpg 300w, https:\/\/aclocabarnevillelocation.com\/wp-content\/uploads\/2023\/08\/877829a1211789da0b6242d1db260479-1-768x576.jpg 768w\" sizes=\"auto, (max-width: 1024px) 100vw, 1024px\" \/><\/figure>\n\n\n\n<h2 class=\"wp-block-heading has-text-align-center\" style=\"font-size:37px\"><em>Pour une r\u00e9servation  rapide, contactez-nous :<\/em><\/h2>\n\n\n\n<h2 class=\"wp-block-heading has-text-align-center has-accent-color has-text-color\"><em>\u00a0<\/em><a href=\"mailto:ac.loca@hotmail.com\">ac.loca@hotmail.com<\/a><\/h2>\n\n\n\n<h1 class=\"wp-block-heading has-text-align-center\" style=\"font-size:39px\">Location de  vacances \u00e0<br>Barneville Carteret &#8211; Normandie<\/h1>\n\n\n\n<h3 class=\"wp-block-heading has-text-align-center\"><em>9 personnes.<\/em><br><em> Chemin\u00e9e p\u00e9tanque, 10 v\u00e9los, badminton, ping pong, jeux &#8211; linge fourni<\/em><\/h3>\n\n\n\n<p><strong>Bienvenue dans le Cotentin.<\/strong>&nbsp;<strong>\/&nbsp;<\/strong><strong>Welcome to the Cotentin.<\/strong><\/p>\n\n\n\n<hr class=\"wp-block-separator has-alpha-channel-opacity\"\/>\n\n\n\n<figure class=\"wp-block-gallery has-nested-images columns-default is-cropped wp-block-gallery-1 is-layout-flex wp-block-gallery-is-layout-flex\">\n<figure class=\"wp-block-image size-large is-resized\"><img decoding=\"async\" data-id=\"66\" src=\"https:\/\/aclocabarnevillelocation.com\/wp-content\/uploads\/2023\/08\/drapeau-anglais.jpg\" alt=\"\" class=\"wp-image-66\" style=\"width:90px\" width=\"90\"\/><\/figure>\n<\/figure>\n\n\n\n<p class=\"has-text-align-center\" style=\"font-size:41px\"><strong>Holiday rental in Barneville-Carteret-Normandy<\/strong><\/p>\n\n\n\n<p><em><strong>9 people. Fireplace, p\u00e9tanque, 10 bicycles, badminton, ping pong, games &#8211; linen provided<\/strong><\/em><\/p>\n\n\n\n<figure class=\"wp-block-image size-full\"><img loading=\"lazy\" decoding=\"async\" width=\"1024\" height=\"768\" src=\"https:\/\/aclocabarnevillelocation.com\/wp-content\/uploads\/2023\/08\/51db1aaae8afd780b219b6ad31e14347.jpg\" alt=\"\" class=\"wp-image-20\" srcset=\"https:\/\/aclocabarnevillelocation.com\/wp-content\/uploads\/2023\/08\/51db1aaae8afd780b219b6ad31e14347.jpg 1024w, https:\/\/aclocabarnevillelocation.com\/wp-content\/uploads\/2023\/08\/51db1aaae8afd780b219b6ad31e14347-300x225.jpg 300w, https:\/\/aclocabarnevillelocation.com\/wp-content\/uploads\/2023\/08\/51db1aaae8afd780b219b6ad31e14347-768x576.jpg 768w\" sizes=\"auto, (max-width: 1024px) 100vw, 1024px\" \/><\/figure>\n","protected":false},"excerpt":{"rendered":"<p>Pour une r\u00e9servation rapide, contactez-nous : \u00a0ac.loca@hotmail.com Location de vacances \u00e0Barneville Carteret &#8211; Normandie 9 personnes. Chemin\u00e9e p\u00e9tanque, 10 v\u00e9los, badminton, ping pong, jeux &#8211; linge fourni Bienvenue dans le Cotentin.&nbsp;\/&nbsp;Welcome to the Cotentin. Holiday rental in Barneville-Carteret-Normandy 9 people. Fireplace, p\u00e9tanque, 10 bicycles, badminton, ping pong, games &#8211; linen provided<\/p>\n","protected":false},"author":1,"featured_media":0,"parent":0,"menu_order":0,"comment_status":"closed","ping_status":"closed","template":"","meta":{"footnotes":""},"class_list":["post-19","page","type-page","status-publish","hentry"],"_links":{"self":[{"href":"https:\/\/aclocabarnevillelocation.com\/index.php\/wp-json\/wp\/v2\/pages\/19","targetHints":{"allow":["GET"]}}],"collection":[{"href":"https:\/\/aclocabarnevillelocation.com\/index.php\/wp-json\/wp\/v2\/pages"}],"about":[{"href":"https:\/\/aclocabarnevillelocation.com\/index.php\/wp-json\/wp\/v2\/types\/page"}],"author":[{"embeddable":true,"href":"https:\/\/aclocabarnevillelocation.com\/index.php\/wp-json\/wp\/v2\/users\/1"}],"replies":[{"embeddable":true,"href":"https:\/\/aclocabarnevillelocation.com\/index.php\/wp-json\/wp\/v2\/comments?post=19"}],"version-history":[{"count":6,"href":"https:\/\/aclocabarnevillelocation.com\/index.php\/wp-json\/wp\/v2\/pages\/19\/revisions"}],"predecessor-version":[{"id":80,"href":"https:\/\/aclocabarnevillelocation.com\/index.php\/wp-json\/wp\/v2\/pages\/19\/revisions\/80"}],"wp:attachment":[{"href":"https:\/\/aclocabarnevillelocation.com\/index.php\/wp-json\/wp\/v2\/media?parent=19"}],"curies":[{"name":"wp","href":"https:\/\/api.w.org\/{rel}","templated":true}]}}